the prime factors of u?
2, 23
List the prime factors of 1*-1 - (-39 - -5).
3, 11
Let l(i) = i**3 + 3*i**2 - 2*i - 2. Let d be l(-4). What are the prime factors of ((-494)/95)/(2/d)?
2, 13
Let l(d) = -d**3 + d + 1. Let q be l(-1). Suppose -5*u + 3*h + 35 = 0, 0 = -5*h + 25. Let c = u + q. What are the prime factors of c?
11
Let p = 17 - -22. List the prime factors of p.
3, 13
Let i(m) = m**2 - 4*m + 5. Let a be (-64)/(-10) + (-12)/30. List the prime factors of i(a).
17
Suppose -18*u + 15*u = 0. Let t = u + 30. List the prime factors of t.
2, 3, 5
Let g(l) = -l**2 - l + 4. Let d be g(-3). Let c be ((-1)/(d - -1))/1. Let a(j) = 7*j - 1. List the prime factors of a(c).
2, 3
Suppose 2*o - 12 = -5*u, -5*o + 8 = -4*u + 44. What are the prime factors of (-124)/(-10) - o/(-10)?
2, 3
Suppose 6*x - 4*x = 58. List the prime factors of x.
29
Let m be (-1)/(-2)*12 - 1. Suppose -27 = 4*j - m*j. Suppose -j = -3*z + 3. List the prime factors of z.
2, 5
Let p(a) = 2 - a**2 + a + 2*a + 0*a**2. Suppose 2*o + 2*r - 12 = 0, -3*o + 3 = -r - r. What are the prime factors of p(o)?
2
Suppose 0 = -4*d - o - 57 + 22, 3*d + 5*o = -22. Let h = -5 - d. Suppose -4*r - 2*t + h*t + 30 = 0, 0 = 5*r + 3*t - 21. What are the prime factors of r?
2, 3
Suppose 3*q = -2*y + 36, -2*y + 76 = 3*y + 4*q. What are the prime factors of y?
2, 3
Let q be (-9)/((3/(-6))/1). Let c = -9 + q. Let b(h) = -h**2 + 9*h + 5. What are the prime factors of b(c)?
5
Suppose h - 65 = 38. What are the prime factors of h?
103
Suppose -3*d = 5*r + 34, 3*r = -0*r - 4*d - 27. Let u = r - 29. List the prime factors of 1/(u/(-32) - 1).
2
Let z be 2 + 0 + 288/6. Suppose z = x + 4*x. List the prime factors of x.
2, 5
What are the prime factors of 65/(-1)*(-28)/35?
2, 13
Suppose -3*n - 2*n = 50. Let s = n - -7. List the prime factors of s*(-4)/(-3)*-2.
2
Let i = -2 + 0. Let z(l) = l + 2. Let u be z(i). Suppose 0 = 5*x - u*x - 15. List the prime factors of x.
3
What are the prime factors of (-173)/(-5) - (-6)/15?
5, 7
Let h be (-3 + 2)*-3 + 1. Suppose 43 - h = 3*c. List the prime factors of c.
13
Suppose 3*c = 143 + 106. What are the prime factors of c?
83
Let p = 46 + -10. What are the prime factors of p?
2, 3
Let z(f) = f - 18. Let a(k) = k - 17. Let v(g) = -7*a(g) + 6*z(g). What are the prime factors of v(0)?
11
Let d(a) be the first derivative of -a**4/4 + 4*a**3/3 - a**2/2 + a - 4. What are the prime factors of d(2)?
7
Let g(f) = f**3 - 8*f**2 - f - 13. What are the prime factors of g(10)?
3, 59
Let x = 5 - 3. Let w be ((-1)/x)/((-2)/4). Suppose -m + 6 = 4*n + m, m - w = -n. List the prime factors of n.
2
Let f be 2 + 0 + -1 + 0. Let z be ((-4)/(-10))/(f/(-10)). What are the prime factors of (-16)/20*10/z?
2
Let s(b) = -b**2 - 6*b - 6. Suppose -4*r = -2*r - 5*k - 39, 15 = 5*r + 4*k. Suppose -2*j - 4 = -3*n + r, 0 = -j - 4*n. What are the prime factors of s(j)?
2
Let u(j) = j**3 + 4*j**2 - 4*j - 3. Let g be u(-5). Let i(z) = -2*z + 7. What are the prime factors of i(g)?
23
Let m(d) = -d**2 - 20*d - 11. List the prime factors of m(-9).
2, 11
Suppose 5*b - b = -4*h + 12, -3*b + 21 = -3*h. Let w = 0 + b. Suppose w*c - 30 = -0*c. List the prime factors of c.
2, 3
Let b(y) = -3*y. Let z be b(-1). Let a be ((-3)/2)/(z/(-4)). List the prime factors of (a + -5)*8/(-3).
2
Suppose -5*j + 11 + 159 = 5*h, 137 = 4*h + 3*j. List the prime factors of h.
5, 7
Suppose 0 = -2*c - c + 9. Let d be c/(-6)*-1*8. Suppose -d*q + 2 = -t, -t + 24 = 2*t + 3*q. What are the prime factors of t?
2, 3
Suppose 5 = -3*b - 13. Let l be b/(-27) + (-47)/9. Let v = 6 - l. List the prime factors of v.
11
Let v(y) = -y + 4. Let i be v(3). Suppose 0 = -p + i + 3. Suppose 5*a + 25 = 0, 0*a + p*a + 22 = c. What are the prime factors of c?
2
Let y(b) = -b**2 - 8*b - 7. Let f be y(-7). Suppose f = -2*t - 2, -3*v - 3*t = -t - 4. What are the prime factors of v?
2
Let p(b) be the second derivative of 109*b**3/6 + 6*b**2 - b. Let z be p(-8). What are the prime factors of z/(-70) - 2/7?
2, 3
Let w be ((-1)/1)/((-2)/(-18)). What are the prime factors of 6/w - 112/(-6)?
2, 3
List the prime factors of 34 + -2*(-1)/1.
2, 3
Suppose -62 = -3*l + l. What are the prime factors of l?
31
Let x(j) = j**2 - 2*j + 6. Let z be x(5). Let s be 3/(-5) + 104/40. Let l = z - s. List the prime factors of l.
19
What are the prime factors of (-9)/(0 - -3) + 47?
2, 11
Suppose -3*f = -3*r - 894, -5*f + 6*r - 4*r + 1493 = 0. List the prime factors of f.
13, 23
Suppose o - 2*k = 16, o - k = 7 + 10. What are the prime factors of o?
2, 3
Let s = -20 - -28. Let h = -25 + s. Let t = -10 - h. What are the prime factors of t?
7
Suppose 0 = 2*a - 51 + 9. What are the prime factors of a?
3, 7
Let b(g) = -g**3 + 8*g**2 - 7. List the prime factors of b(7).
2, 3, 7
Suppose -n - 11 = -2*n. What are the prime factors of n?
11
Let d = -6 - -9. Suppose 9 = d*k - 12. List the prime factors of k.
7
Let o be (0*(-2)/(-4))/(-1). Suppose -3*j - 2*s = -5*s - 18, 4*j + 5*s - 6 = o. List the prime factors of j.
2
Let w be ((-2)/3)/((-4)/24). Suppose w*n + 83 = -5*q, 5*n - q = -61 - 50. List the prime factors of (-2)/10 + n/(-10).
2
Let z(k) = k**2 - 4*k - 7. List the prime factors of z(6).
5
Let c be (-1 - 0) + 21 - -1. Suppose 43 + 85 = 4*b - 3*r, -c = -b - 2*r. List the prime factors of b.
29
Let z = -33 + 66. What are the prime factors of z?
3, 11
Let f = -18 - -38. Suppose -t - 21 = -4*t - 3*i, -2*t + 4*i + f = 0. What are the prime factors of 60/t*12/10?
3
Let j(u) = u**2 + 5*u + 1. Let a be j(-5). Suppose 5*d - a = 9. Let q(v) = 2*v**2 + 2*v - 3. What are the prime factors of q(d)?
3
List the prime factors of 421/9 + (-5)/((-270)/12).
47
Suppose 0 = -4*q - q + 10. Suppose 3*c + 1 = q*c. Let d = c + 4. List the prime factors of d.
3
Let y = 10 - 4. Let j(k) = -k - 1. Let c be j(2). Let o = y + c. List the prime factors of o.
3
Let o be (-18 - 0)*2/3. Let q = 23 + o. List the prime factors of q.
11
Let y be (-98)/(-8) - 2/8. Suppose -3*i = i + 8. Let p = y + i. What are the prime factors of p?
2, 5
Let a = 30 - 6. Let p = 0 + 0. Suppose -3*k - f + a = 0, -k + 0*k - 4*f - 3 = p. List the prime factors of k.
3
What are the prime factors of 6 - (4 - (0 + 7))?
3
Suppose f = -0 + 2. What are the prime factors of f?
2
Suppose -c - 9 = -6*c + 2*m, 0 = -c + m. List the prime factors of c.
3
Let l = -80 - -147. List the prime factors of l.
67
Suppose 2*k = -o + 4, 2*k - 3*k - 7 = -4*o. Suppose 3*b - b - 26 = -o*h, -5*h + 3*b = -49. Let u = 24 - h. What are the prime factors of u?
13
Suppose 0 = -4*w - 1 + 5, -3*l + 14 = 5*w. Suppose -l*k + 2*k + 4 = 0. Suppose 0 = -k*m - 4 + 24. List the prime factors of m.
5
Suppose 4*o + 2 = 5*o. Suppose -2*p = -3*d - 87, -d + 206 = 5*p + 3*d. What are the prime factors of o/(-6) + p/18?
2
Let h(m) = m**3 + 3*m**2 - 3*m - 4. Let l be h(-3). Suppose 0 = 3*s - 3*i - 33, 4*s - l - 35 = 3*i. Let n = -2 + s. What are the prime factors of n?
5
Suppose 0 = 5*v - 0*h - 3*h + 5, -2*v - h = -9. Suppose 54 = 4*f - v*f. What are the prime factors of f?
3
Let j(h) = -h**3 + 7*h**2 + 16*h + 6. Let g be j(8). Suppose -4*d + 0*w - 2*w = -g, -4*d = -2*w - 74. What are the prime factors of d?
2, 3
Suppose -5*b + 3*p = 29, 23 = -2*b - 2*p + 7*p. Let c(q) = -1 - 4 - 2*q - 5*q + 2*q. List the prime factors of c(b).
3, 5
Let v(a) = -a**3 + 9*a**2 + a - 8. Let c be v(9). List the prime factors of (c - (-3)/(-6))*8.
2
Suppose 15 = 5*p - 25. Suppose -p*i + 128 = -4*i. What are the prime factors of i?
2
Suppose 4*r - 42 = 2*r. What are the prime factors of 10/(-3)*r/(-14)?
5
Suppose -3*u - 6 = 0, f - 6*f - u = -28. What are the prime factors of f?
2, 3
Suppose -71 = -4*l + 241. List the prime factors of l.
2, 3, 13
Let r = 23 - -6. List the prime factors of r.
29
List the prime factors of (-37 + 7)/(4/(-10)).
3, 5
Let h = 7 + 0. Suppose 0 = z + 3*d - 23, h = -5*z - 2*d + 57. Let o = 4 + z. List the prime factors of o.
2, 3
Suppose 4*l + 5*a = -220, 2*l + 5*a + 116 + 4 = 0. Let j be l/4 + 1/2. List the prime factors of j/(-5) + 6/(-15).
2
Suppose -8*z = -13*z + 1590. What are the prime factors of z?
2, 3, 53
Let l = -6 - -4. List the prime factors of ((-4)/(-6))/(l/(-24)).
2
List the prime factors of (3/((-63)/35))/((-2)/54).
3, 5
Let h = -11 - -108. List the prime factors of h.
97
Let n = -51 - -3